 prime?
True
Is 260468189 a prime number?
True
Is 1012064191 a composite number?
False
Is 3457050131 a prime number?
False
Is 700531367 a prime number?
False
Is 32763119117 prime?
False
Is 20560188437 a composite number?
True
Is 12609009403 a prime number?
True
Is 130663772959 a prime number?
True
Is 420248414 a composite number?
True
Is 903438713 prime?
True
Is 9346608577 composite?
True
Is 14868211 a composite number?
False
Is 9608042383 a prime number?
True
Is 55031634517 a composite number?
False
Is 571190017 a composite number?
False
Is 7135249211 a prime number?
False
Is 39378007 prime?
True
Is 9552788473 prime?
False
Is 6471695767 a prime number?
False
Is 1133417471 composite?
True
Is 1268839379 prime?
True
Is 14699887051 prime?
False
Is 3103985347 prime?
True
Is 3352267811 a composite number?
False
Is 341369597 composite?
True
Is 13938823949 prime?
True
Is 59985613 a composite number?
True
Is 74210330609 prime?
False
Is 2510147467 composite?
False
Is 39135773707 a prime number?
True
Is 1667978989 a composite number?
False
Is 1132356989 prime?
True
Is 25745712437 a composite number?
False
Is 5730127499 a prime number?
True
Is 4461845021 prime?
False
Is 189364844387 a composite number?
True
Is 3216665191 prime?
False
Is 1754196023 a composite number?
True
Is 108387373 a prime number?
True
Is 2919332917 composite?
True
Is 2161144879 a composite number?
False
Is 31096141751 a prime number?
True
Is 46575530929 a composite number?
False
Is 4199623081 prime?
False
Is 222805317809 a composite number?
True
Is 2989304033 prime?
True
Is 72817746187 composite?
False
Is 250209107 composite?
False
Is 59928639767 a composite number?
True
Is 11232001973 prime?
False
Is 5370587065 a prime number?
False
Is 59145980989 composite?
False
Is 62059561043 a composite number?
True
Is 858449707 prime?
True
Is 122253206723 a prime number?
True
Is 326716373 prime?
False
Is 395949373 a composite number?
True
Is 8325243293 a composite number?
False
Is 148426341683 prime?
True
Is 27713017429 a prime number?
False
Is 60082266927 a prime number?
False
Is 98653178863 a prime number?
False
Is 62926115767 a composite number?
True
Is 1145366951 a composite number?
True
Is 878198017 composite?
True
Is 8245700369 a composite number?
False
Is 8218717355 a prime number?
False
Is 14970529667 composite?
False
Is 200116747 prime?
False
Is 44700844693 a prime number?
False
Is 2276888393 a composite number?
True
Is 4511411641 a prime number?
False
Is 170617489 prime?
False
Is 212604733 prime?
False
Is 8191848013 composite?
False
Is 68939322211 a prime number?
False
Is 19936396697 a prime number?
False
Is 616263833 a composite number?
True
Is 15076901011 prime?
True
Is 5526846173 a composite number?
False
Is 891690743 a composite number?
False
Is 5962443359 a prime number?
False
Is 494233429 a composite number?
False
Is 86122849 prime?
True
Is 6097475171 a composite number?
False
Is 33051579133 prime?
True
Is 1876841557 a composite number?
False
Is 431309579 a prime number?
True
Is 41005926163 prime?
False
Is 10619641717 a prime number?
True
Is 1389197107 composite?
True
Is 21916335157 composite?
True
Is 100882930541 a prime number?
True
Is 86446721 composite?
False
Is 4051596629 a composite number?
False
Is 34500368761 composite?
False
Is 146933803 composite?
False
Is 2071403419 a composite number?
False
Is 108388727 composite?
True
Is 176936503409 prime?
True
Is 85730156129 prime?
False
Is 7111157 a composite number?
False
Is 851724955 a composite number?
True
Is 79186651 a composite number?
True
Is 1248582923 composite?
True
Is 1785415691 a composite number?
False
Is 7118465243 composite?
False
Is 9567869151 a composite number?
True
Is 2288213987 prime?
False
Is 20516723129 prime?
False
Is 617832619 a composite number?
False
Is 26065526393 a composite number?
False
Is 12027975103 a prime number?
False
Is 84028239467 a prime number?
False
Is 6563880803 a composite number?
True
Is 3807740309 prime?
False
Is 112800006247 prime?
False
Is 37709645455 a composite number?
True
Is 36877100093 a prime number?
False
Is 2042949547 a prime number?
False
Is 5035999009 a prime number?
True
Is 133528963 composite?
True
Is 5757024397 a prime number?
False
Is 1042669129 a prime number?
True
Is 101035594419 a composite number?
True
Is 86426731 a prime number?
False
Is 173894088167 prime?
False
Is 5022995177 prime?
False
Is 2111623759 a prime number?
False
Is 63307871 a prime number?
False
Is 10677986689 a composite number?
True
Is 18574469443 a composite number?
True
Is 40409627366 composite?
True
Is 7171854211 prime?
False
Is 24555411259 a composite number?
True
Is 1318536017 a prime number?
False
Is 2288863183 prime?
False
Is 1914656362 composite?
True
Is 19899417679 prime?
False
Is 9349416839 a composite number?
True
Is 34120927 a prime number?
True
Is 923122691 a prime number?
True
Is 630979001 composite?
False
Is 1322453879 a composite number?
False
Is 170036437 a composite number?
False
Is 832820203 composite?
False
Is 2834593747 a composite number?
False
Is 21652116229 a prime number?
False
Is 60690857 a composite number?
False
Is 209395955 a composite number?
True
Is 589105103 composite?
True
Is 18278942959 a prime number?
False
Is 27935669345 composite?
True
Is 29768505853 prime?
False
Is 3584658053 prime?
False
Is 260618217689 composite?
False
Is 30453744587 a prime number?
False
Is 370904603 prime?
True
Is 2929232281 composite?
True
Is 3206851663 prime?
True
Is 4797513037 composite?
False
Is 658004773 a prime number?
True
Is 785723657 prime?
True
Is 414122987 a prime number?
False
Is 2652915347 composite?
True
Is 16244378053 prime?
True
Is 751770298 composite?
True
Is 19004080747 a composite number?
True
Is 908318077 a composite number?
True
Is 1298605981 a prime number?
False
Is 848761631 composite?
False
Is 1087443151 a prime number?
False
Is 31371159193 a composite number?
True
Is 9683998078 composite?
True
Is 1310775343 a prime number?
True
Is 505423307 prime?
False
Is 8668953193 a prime number?
False
Is 4428373799 a composite number?
True
Is 561940969 a composite number?
False
Is 4208666291 composite?
False
Is 30756014671 a composite number?
False
Is 2714437403 a prime number?
True
Is 39016069 composite?
False
Is 3382234403 a composite number?
True
Is 13060820677 a composite number?
False
Is 11398985573 a composite number?
True
Is 8236336079 a composite number?
False
Is 9741299383 a composite number?
True
Is 329893771 a prime number?
False
Is 4174125299 composite?
True
Is 562487813 prime?
True
Is 1868851573 a composite number?
False
Is 9628033091 a prime number?
True
Is 175859413 prime?
True
Is 58877921 prime?
False
Is 9299154643 a composite number?
False
Is 173460013 a composite number?
False
Is 775282817 prime?
False
Is 1996304537 a composite number?
False
Is 24986271851 composite?
True
Is 1610108429 composite?
False
Is 6482103559 composite?
True
Is 10483597651 a prime number?
False
Is 3913652111 prime?
False
Is 179499989 composite?
False
Is 1087125301 prime?
False
Is 32347392203 composite?
True
Is 15661968367 prime?
True
Is 138388036879 a composite number?
True
Is 1169873759 a composite number?
False
Is 4631843149 prime?
True
Is 15922674263 prime?
True
Is 237738593 prime?
True
Is 1066932551 a composite number?
True
Is 48399689431 a composite number?
True
Is 25028551 composite?
False
Is 12194687651 a composite number?
True
Is 12713295299 prime?
True
Is 63821187421 a composite number?
False
Is 476539127 composite?
False
Is 80265917 a prime number?
True
Is 322626344819 composite?
True
Is 5700734909 composite?
False
Is 1810817977 a prime number?
True
Is 241415874697 composite?
False
Is 114587442001 a composite number?
True
Is 2333419021 a composite number?
False
Is 17423677679 prime?
True
Is 18673196719 a composite number?
True
Is 661310239 a composite number?
True
Is 1005184307 a prime number?
True
Is 42487877647 composite?
False
Is 1657174249 composite?
False
Is 1739840513 composite?
False
Is 8839881161 a prime number?
True
Is 8894625897 prime?
False
Is 12631932727 composite?
False
Is 111370263749 a prime number?
True
Is 6562002361 a prime number?
False
Is 162521230705 a composite number?
True
Is 524429179 prime?
True
Is 16244087 prime?
True
Is 191507158 composite?
True
Is 9